Let s(o) be the second derivative of -1/20*o**5 + 2/3*o**3 + 0 - 1/2*o**4 - 2*o**2 + 9*o. What is the units digit of s(-7)?
7
Suppose 2*a = -15 - 1. Let x(p) = -9*p - 8. Let v be x(a). Let h = -33 + v. What is the units digit of h?
1
Let u(s) = -3 + 2 - s - 4 + 4. What is the units digit of u(-8)?
7
Let d(o) be the first derivative of 3 + 23*o + 1/2*o**2. What is the units digit of d(-10)?
3
Let c(i) = -557*i**3 - 3*i - 2. What is the units digit of c(-1)?
8
What is the thousands digit of 224/(-28) + 63*22?
1
Let h = -411 - -913. What is the tens digit of h?
0
Let h be (-392)/6*(3 + 27/(-6)). Suppose -m + h = -0*m. What is the units digit of m?
8
Let u(x) = 41*x**2 - 4*x + 5. What is the tens digit of u(-2)?
7
Let q(w) = -72*w + 32. Let y(o) = 216*o - 97. Let r(z) = -7*q(z) - 2*y(z). What is the hundreds digit of r(3)?
1
Let g = 684 - 356. What is the units digit of g?
8
Suppose 171*n = 184*n - 23946. What is the units digit of n?
2
Let o(d) = d**3 - 8*d**2 - 8*d - 7. Let i be o(9). Suppose -2*x + i*u + 62 = u, 0 = -2*x - 3*u + 54. Suppose -c - c = -x. What is the units digit of c?
5
Let j(y) = y**3 - 16*y**2 + y - 1. Let s be j(16). Let t be ((-18)/10)/(s/(-50)). Suppose -i = -t*i + 125. What is the tens digit of i?
2
Let l be ((-144)/54)/(2/(-3)). Suppose -115 - 81 = -l*q. Suppose -5*k = 3*s - 106, s + k + q = 3*s. What is the tens digit of s?
2
Let j(c) = -c**2 + 3*c + 85. Let t(l) = 2*l**3 + 3*l**2 - 4*l - 4. Let v be t(-2). What is the tens digit of j(v)?
8
Suppose -66395 = -20*x - 7935. What is the tens digit of x?
2
Let i = 9 - 7. Let r be i/(-10) - (-4)/20. Suppose 5*d - 5 = r, 5*d + 88 = t + 2*t. What is the tens digit of t?
3
Let d be (-180)/22 + (-4)/(-22). Let h(l) = 2*l + 9. Let a be h(d). Let i = a + 17. What is the units digit of i?
0
Suppose -2 + 210 = 4*f. Let q = 62 - f. What is the tens digit of q?
1
Let k be (-18)/(-4) - (-6)/12. Suppose k*m - 7*a + 3*a = 63, 4*a = -m + 3. Suppose -16*v + 40 = -m*v. What is the units digit of v?
8
Suppose -2*a - 3820 = -7*a. What is the units digit of a?
4
Let w(j) = -52*j - 45. What is the units digit of w(-22)?
9
Let v(i) be the first derivative of 31*i**3 + i + 18. What is the units digit of v(-1)?
4
Suppose 4*g + 4 = -3*w, 0*g - 5*g - 2 = 3*w. Let l be -6*(-3)/12*g. Suppose -x + 41 = 3*u - 2, -u + 25 = l*x. What is the tens digit of u?
1
Suppose 0*t - t + 5 = m, -2*m + 3*t = 0. Suppose -m*z - 2*s + 44 = -7, 0 = -s. Let k = 18 - z. What is the units digit of k?
1
Let k be 3/(4/(-16)*-3). Suppose -h + 17 = 2*b, k*h - 21 = -4*b + 23. What is the units digit of b?
6
Suppose 5*n + 5*x = 55, 3*n - 31 = 2*n - 5*x. Suppose -n = 2*r, -5*m + 51 = -3*r - 28. What is the units digit of m + 6/2 - -2?
9
Let f be (1/(-7) - -1)/((-4)/(-14)). Suppose r - 131 - 107 = 2*g, 0 = -f*r + g + 689. What is the hundreds digit of r?
2
Suppose 3*j - 9*j + 288 = 0. Suppose 4*x - j = x. Suppose 4*r - 8 = -2*l, -4*r = -l - 3*r + x. What is the tens digit of l?
1
Let k = 3316 - 2339. What is the units digit of k?
7
Let v = 793 - 344. Let m = v + -313. What is the units digit of m?
6
Let n(f) be the third derivative of f**5/12 - f**4/4 + f**3/3 - 2*f**2 - 5. Let m = -6 + 8. What is the units digit of n(m)?
0
Suppose 12*b = 379 + 905. What is the tens digit of b?
0
Suppose 12 = 2*q - 3*w, 0*w - 2*w - 13 = -3*q. Suppose 50 = q*g + 197. What is the units digit of (2/7)/((-7)/g)?
2
Let j(l) = 535*l**3 + 3*l**2 - 9*l + 5. What is the thousands digit of j(2)?
4
Suppose 64*t + 1329 = 65*t - 4*a, -5244 = -4*t - 2*a. What is the thousands digit of t?
1
Let c(k) = 20*k**2 - k + 1. Suppose 28 = u + 3*u. Let o(f) = f - 6. Let w be o(u). What is the tens digit of c(w)?
2
What is the hundreds digit of -93*(10 - 11)*(0 - -5)?
4
Let q = -131 + 128. What is the units digit of 3/((-8)/(-428)*q/(-2))?
7
Let d(t) = 6*t**2 - 4*t - 25. What is the hundreds digit of d(10)?
5
Let c be (-3 - -4 - -1)*295/10. Let u(h) = 2*h**2 + 3*h - 2. Let z be u(4). Let t = c - z. What is the tens digit of t?
1
Suppose -5*v = -2*b - b, 0 = -3*v + b. Suppose x - 5 + 1 = v. Suppose 0 = -x*j - 2*f + 68, 5*j - 84 - 1 = -3*f. What is the tens digit of j?
1
Suppose 11*j = 6*j + 30. Suppose h + 5*f = 98, -j*h + 2*f + 326 = -2*h. What is the tens digit of h?
8
Suppose -7*v + 238 = -14. What is the tens digit of 20/v*3*6?
1
What is the units digit of (6 + (-182)/28)/(3/(-11262))?
7
Suppose 0 = -x - 5*q + 1362, 11*x - 6*x - 6831 = -4*q. What is the units digit of x?
7
Suppose -4*l - 3*l + 7 = 0. Let u = l + 90. What is the tens digit of u?
9
Suppose 4*r = 2*r + 6. Suppose 7*n = r*n. Suppose n = 5*k + 4*d - 37, 0*k - 4*d + 17 = k. What is the units digit of k?
5
Let o(k) = 30*k**2 - 1. Let g be o(1). Suppose 1520 = g*a - 10*a. What is the units digit of a?
0
Let p = -35 - -38. Suppose 0 = -6*l + p*l. Suppose 2*t - 2*i - 24 = -l*i, i = 4*t - 48. What is the tens digit of t?
1
Let w = -9 + 13. Suppose -q + 2*q = -c + 3, -3*c + 44 = -w*q. Suppose -3*i - 35 = -c*i. What is the units digit of i?
7
Let j = -40 - -41. Let c(k) = 140*k**2 + 3*k - 2. What is the hundreds digit of c(j)?
1
What is the units digit of (0 + -1 + 11)*338?
0
Suppose -5*n + 4957 + 2588 = 0. What is the hundreds digit of n?
5
Suppose -218*s + 222*s - 21756 = 0. What is the units digit of s?
9
Suppose -5*a + a - 12 = 0. Let x = a + 6. Let u = x - -7. What is the tens digit of u?
1
Let u(h) = -h**2 + 11*h - 8. Suppose -3*b - 20 = -5*b. Let x be u(b). Suppose -4*w + 132 = w + g, -30 = -w - x*g. What is the tens digit of w?
2
Suppose -14 - 14 = -4*c. Let z = 10 - c. What is the units digit of z?
3
Suppose 8*b = 113 - 1073. Let c = -51 - b. What is the tens digit of c?
6
What is the units digit of (-50)/(-2)*(-2 + (1 - -13))?
0
Let q = -14 - -23. Suppose -5*m = 5*l, -m = 4*m + 2*l - q. Suppose -m*c + 24 = -4*w, c - w = -2*w + 1. What is the units digit of c?
4
Suppose 0 = 3*g + 15 - 285. Suppose 0*b = 5*b - g. What is the tens digit of b?
1
Suppose 0 = 17*x - 3433 - 2092. What is the tens digit of x?
2
Let d = 1527 - 775. What is the hundreds digit of d?
7
Let f(n) = n**3 - 15*n**2 + 14*n + 19. Suppose 5*a - 62 = 8. What is the units digit of f(a)?
9
Let l be (-1)/3 - 16/(-12). Let i = 34 + l. Let q = 58 - i. What is the tens digit of q?
2
Let l(o) be the first derivative of o**5/60 + o**4/8 - o**3/6 + 9*o**2/2 - 8. Let y(s) be the second derivative of l(s). What is the tens digit of y(6)?
5
Suppose -5*u = -u - 864. Let p = 365 - u. What is the hundreds digit of p?
1
Let f(c) = -3*c**2 + 95*c + 24. What is the tens digit of f(16)?
7
Suppose -623*d - 850 = -628*d. What is the tens digit of d?
7
Suppose j = p - 3*j + 4, 2*p = -3*j + 3. Let r be (-1)/(-2)*(p - 0). What is the units digit of (-26 + 0 - r)*-1?
6
Suppose 19 = -5*p + 19. Suppose p = -2*t + 88. What is the units digit of t?
4
Let i(m) = -125*m + 33. What is the hundreds digit of i(-6)?
7
Suppose 0 = 2*a + 5*m + 6 - 20, -5*a + 5*m = 0. Suppose 4 = 2*z, 7*g - 4*z = a*g + 187. What is the tens digit of g?
3
Suppose -5*t = o - 3543, 2*t + 4*o + 381 = 1791. What is the tens digit of t?
0
Let h(p) = -54*p - 12. Let r be h(7). What is the units digit of ((-20)/(-50))/((-2)/r)?
8
Suppose -3214 = -10*j + 3096. What is the hundreds digit of j?
6
Let z be (-3 - 1/3)*3. Let j be (-484)/(-55) + (-2)/z. What is the units digit of 226/5 + j/(-45)?
5
Suppose 0*c + 8 = 2*c. Suppose -c*l = -0*l. Suppose l = 8*a - 6*a - 54. What is the tens digit of a?
2
Suppose -4*d + 14*d = 190. Suppose d = x - 37. What is the units digit of x?
6
Let d = 523 - 183. What is the hundreds digit of 24/2*d/30?
1
Let o(a) = 0*a**3 - a**2 + 9*a**2 + 1 - 7*a**2 + a**3. Let m(l) = 4*l**3 + 10*l**2 + 10. Let f(q) = -m(q) + 5*o(q). What is the tens digit of f(6)?
3
Suppose -85*p = -76*p - 2232. What is the tens digit of p?
4
Suppose 36*x = 42*x - 2466. What is the tens digit of x?
1
Let s = -112 - -94. Let o(z) = -8*z + 42. What is the tens digit of o(s)?
8
Let z(t) = -15*t**3 + 3*t**2 + 2*t + 3. Let i be z(-2). What is the units digit of i - (-8 - -2)/(2 + 0)?
4
Let r(f) = 2*f - 16. Let p be r(9). Suppose -p*w - 45 = -5*w. Suppose -14*k + w*k = 16. What is the tens digit of k?
1
Let j(v) = v**2 - v - 4. Let p be j(3). Suppose 0 = p*n - 7*n + 15. Suppose -5*t + 100 = -5*c, 0 = -3*t - n*c 